{"id":71,"date":"2025-03-06T00:08:21","date_gmt":"2025-03-06T00:08:21","guid":{"rendered":"https:\/\/www.quiberon-triathlon.fr\/?page_id=71"},"modified":"2025-10-17T14:16:56","modified_gmt":"2025-10-17T14:16:56","slug":"entrainements-et-stages","status":"publish","type":"page","link":"https:\/\/www.quiberon-triathlon.fr\/?page_id=71","title":{"rendered":"Entrainements et stages"},"content":{"rendered":"\n<h1 class=\"wp-block-heading has-text-align-center\">ENTRAINEMENTS 2025\/2026<\/h1>\n\n\n\n<p class=\"has-text-align-center\"><strong>SWIM.BIKE.RUN&#8230;REPEAT<\/strong><\/p>\n\n\n      \n\t\t\t<div class=\"uagb-icon-wrapper uagb-block-0ec2e90f      \"\n\t\t\tstyle=\"\" >\n\t\t\t\t\t\t\t\t\t<span class=\"uagb-svg-wrapper\" \n\t\t\t\t\t aria-label=\"circle-check\"\t\t\t\t\ttabindex=\"0\">\t\t\n\t\t\t\t\t\t\t\t\t\t<svg xmlns=\"https:\/\/www.w3.org\/2000\/svg\" viewBox= \"0 0 512 512\" role=\"graphics-symbol\" aria-hidden=\"false\" aria-label=\"\"><path d=\"M0 256C0 114.6 114.6 0 256 0C397.4 0 512 114.6 512 256C512 397.4 397.4 512 256 512C114.6 512 0 397.4 0 256zM371.8 211.8C382.7 200.9 382.7 183.1 371.8 172.2C360.9 161.3 343.1 161.3 332.2 172.2L224 280.4L179.8 236.2C168.9 225.3 151.1 225.3 140.2 236.2C129.3 247.1 129.3 264.9 140.2 275.8L204.2 339.8C215.1 350.7 232.9 350.7 243.8 339.8L371.8 211.8z\"><\/path><\/svg>\n\t\t\t\t\t\t\t\t\t<\/span>\n\t\t\t\t\t\t\t<\/div>\n\t\t\t\n\n\n<p><\/p>\n\n\n\n<div class=\"wp-block-uagb-container uagb-block-4a2e54f3 alignfull uagb-is-root-container\"><div class=\"uagb-container-inner-blocks-wrap\">\n<div class=\"wp-block-uagb-container uagb-block-8a337a9a\">\n<h2 class=\"wp-block-heading\">Pour les jeunes<\/h2>\n\n\n\n<p class=\"has-ast-global-color-5-color has-ast-global-color-2-background-color has-text-color has-background has-link-color wp-elements-ab9b684ad87378d8a2e524a5c955f332\">MERCREDI 15h15 \/ 16h30 : enchainements v\u00e9lo et course \u00e0 pied <br>16h45 \/ 17h45 : natation \u00e0 la piscine Neptilude <br> Un message sera diffus\u00e9 sur le groupe la veille<\/p>\n\n\n\n<p><\/p>\n<\/div>\n\n\n\n<div class=\"wp-block-uagb-container uagb-block-d3e86c48\">\n<h2 class=\"wp-block-heading\">Pour les adultes<\/h2>\n\n\n\n<p>LUNDI 18h15 : IRT (sur inscription) <br>LUNDI 19h30 : Natation au Sofitel <br> VENDREDI 18h15 : IRT (sur inscription) <br> VENDREDI 19h30 : Natation au Sofitel<br> V\u00e9lo selon volont\u00e9 et proposition des licenci\u00e9s<\/p>\n<\/div>\n<\/div><\/div>\n\n\n\n<p><\/p>\n","protected":false},"excerpt":{"rendered":"<p>ENTRAINEMENTS 2025\/2026 SWIM.BIKE.RUN&#8230;REPEAT Pour les jeunes MERCREDI 15h15 \/ 16h30 : enchainements v\u00e9lo et course \u00e0 pied 16h45 \/ 17h45 [&hellip;]<\/p>\n","protected":false},"author":1,"featured_media":0,"parent":0,"menu_order":0,"comment_status":"closed","ping_status":"closed","template":"","meta":{"_uag_custom_page_level_css":"","site-sidebar-layout":"default","site-content-layout":"","ast-site-content-layout":"default","site-content-style":"default","site-sidebar-style":"default","ast-global-header-display":"","ast-banner-title-visibility":"","ast-main-header-display":"","ast-hfb-above-header-display":"","ast-hfb-below-header-display":"","ast-hfb-mobile-header-display":"","site-post-title":"","ast-breadcrumbs-content":"","ast-featured-img":"","footer-sml-layout":"","theme-transparent-header-meta":"","adv-header-id-meta":"","stick-header-meta":"","header-above-stick-meta":"","header-main-stick-meta":"","header-below-stick-meta":"","astra-migrate-meta-layouts":"default","ast-page-background-enabled":"default","ast-page-background-meta":{"desktop":{"background-color":"var(--ast-global-color-5)","background-image":"","background-repeat":"repeat","background-position":"center center","background-size":"auto","background-attachment":"scroll","background-type":"","background-media":"","overlay-type":"","overlay-color":"","overlay-opacity":"","overlay-gradient":""},"tablet":{"background-color":"","background-image":"","background-repeat":"repeat","background-position":"center center","background-size":"auto","background-attachment":"scroll","background-type":"","background-media":"","overlay-type":"","overlay-color":"","overlay-opacity":"","overlay-gradient":""},"mobile":{"background-color":"","background-image":"","background-repeat":"repeat","background-position":"center center","background-size":"auto","background-attachment":"scroll","background-type":"","background-media":"","overlay-type":"","overlay-color":"","overlay-opacity":"","overlay-gradient":""}},"ast-content-background-meta":{"desktop":{"background-color":"var(--ast-global-color-4)","background-image":"","background-repeat":"repeat","background-position":"center center","background-size":"auto","background-attachment":"scroll","background-type":"","background-media":"","overlay-type":"","overlay-color":"","overlay-opacity":"","overlay-gradient":""},"tablet":{"background-color":"var(--ast-global-color-4)","background-image":"","background-repeat":"repeat","background-position":"center center","background-size":"auto","background-attachment":"scroll","background-type":"","background-media":"","overlay-type":"","overlay-color":"","overlay-opacity":"","overlay-gradient":""},"mobile":{"background-color":"var(--ast-global-color-4)","background-image":"","background-repeat":"repeat","background-position":"center center","background-size":"auto","background-attachment":"scroll","background-type":"","background-media":"","overlay-type":"","overlay-color":"","overlay-opacity":"","overlay-gradient":""}},"footnotes":""},"class_list":["post-71","page","type-page","status-publish","hentry"],"uagb_featured_image_src":{"full":false,"thumbnail":false,"medium":false,"medium_large":false,"large":false,"1536x1536":false,"2048x2048":false},"uagb_author_info":{"display_name":"sophie","author_link":"https:\/\/www.quiberon-triathlon.fr\/?author=1"},"uagb_comment_info":0,"uagb_excerpt":"ENTRAINEMENTS 2025\/2026 SWIM.BIKE.RUN&#8230;REPEAT Pour les jeunes MERCREDI 15h15 \/ 16h30 : enchainements v\u00e9lo et course \u00e0 pied 16h45 \/ 17h45 [&hellip;]","_links":{"self":[{"href":"https:\/\/www.quiberon-triathlon.fr\/index.php?rest_route=\/wp\/v2\/pages\/71","targetHints":{"allow":["GET"]}}],"collection":[{"href":"https:\/\/www.quiberon-triathlon.fr\/index.php?rest_route=\/wp\/v2\/pages"}],"about":[{"href":"https:\/\/www.quiberon-triathlon.fr\/index.php?rest_route=\/wp\/v2\/types\/page"}],"author":[{"embeddable":true,"href":"https:\/\/www.quiberon-triathlon.fr\/index.php?rest_route=\/wp\/v2\/users\/1"}],"replies":[{"embeddable":true,"href":"https:\/\/www.quiberon-triathlon.fr\/index.php?rest_route=%2Fwp%2Fv2%2Fcomments&post=71"}],"version-history":[{"count":4,"href":"https:\/\/www.quiberon-triathlon.fr\/index.php?rest_route=\/wp\/v2\/pages\/71\/revisions"}],"predecessor-version":[{"id":199,"href":"https:\/\/www.quiberon-triathlon.fr\/index.php?rest_route=\/wp\/v2\/pages\/71\/revisions\/199"}],"wp:attachment":[{"href":"https:\/\/www.quiberon-triathlon.fr\/index.php?rest_route=%2Fwp%2Fv2%2Fmedia&parent=71"}],"curies":[{"name":"wp","href":"https:\/\/api.w.org\/{rel}","templated":true}]}}

<h1 class="wp-block-heading has-text-align-center">ENTRAINEMENTS 2025/2026</h1>



<p class="has-text-align-center"><strong>SWIM.BIKE.RUN&#8230;REPEAT</strong></p>


      
			<div class="uagb-icon-wrapper uagb-block-0ec2e90f      "
			style="" >
									<span class="uagb-svg-wrapper" 
					 aria-label="circle-check"					tabindex="0">		
										<svg xmlns="https://www.w3.org/2000/svg" viewBox= "0 0 512 512" role="graphics-symbol" aria-hidden="false" aria-label=""><path d="M0 256C0 114.6 114.6 0 256 0C397.4 0 512 114.6 512 256C512 397.4 397.4 512 256 512C114.6 512 0 397.4 0 256zM371.8 211.8C382.7 200.9 382.7 183.1 371.8 172.2C360.9 161.3 343.1 161.3 332.2 172.2L224 280.4L179.8 236.2C168.9 225.3 151.1 225.3 140.2 236.2C129.3 247.1 129.3 264.9 140.2 275.8L204.2 339.8C215.1 350.7 232.9 350.7 243.8 339.8L371.8 211.8z"></path></svg>
									</span>
							</div>
			


<p></p>



<div class="wp-block-uagb-container uagb-block-4a2e54f3 alignfull uagb-is-root-container"><div class="uagb-container-inner-blocks-wrap">
<div class="wp-block-uagb-container uagb-block-8a337a9a">
<h2 class="wp-block-heading">Pour les jeunes</h2>



<p class="has-ast-global-color-5-color has-ast-global-color-2-background-color has-text-color has-background has-link-color wp-elements-ab9b684ad87378d8a2e524a5c955f332">MERCREDI 15h15 / 16h30 : enchainements vélo et course à pied <br>16h45 / 17h45 : natation à la piscine Neptilude <br> Un message sera diffusé sur le groupe la veille</p>



<p></p>
</div>



<div class="wp-block-uagb-container uagb-block-d3e86c48">
<h2 class="wp-block-heading">Pour les adultes</h2>



<p>LUNDI 18h15 : IRT (sur inscription) <br>LUNDI 19h30 : Natation au Sofitel <br> VENDREDI 18h15 : IRT (sur inscription) <br> VENDREDI 19h30 : Natation au Sofitel<br> Vélo selon volonté et proposition des licenciés</p>
</div>
</div></div>



<p></p>

<p>ENTRAINEMENTS 2025/2026 SWIM.BIKE.RUN&#8230;REPEAT Pour les jeunes MERCREDI 15h15 / 16h30 : enchainements vélo et course à pied 16h45 / 17h45 [&hellip;]</p>

ENTRAINEMENTS 2025/2026 SWIM.BIKE.RUN&#8230;REPEAT Pour les jeunes MERCREDI 15h15 / 16h30 : enchainements vélo et course à pied 16h45 / 17h45 [&hellip;]
